= -g + n. Let c = g + -477. Is c a composite number?
True
Is (330686 - -46) + (-4)/18 + 14/(-18) a composite number?
False
Suppose 0 = 5*c + 45473 - 202263. Is c prime?
False
Let y(n) = -435*n**3 - 7*n**2 + 14*n - 13. Is y(-4) a prime number?
False
Let h = 2042 - -8850. Let j = h + -6274. Is j a prime number?
False
Let w(z) = z**3 - 14*z**2 + 6*z + 37039. Is w(0) composite?
False
Suppose 25*w = 4*z + 27*w - 17886, -5*z + 3*w = -22385. Is z prime?
False
Suppose -11*k + 2*k - 356823 = -18*k. Is k prime?
False
Suppose 5*a + 3*g = 37, 5*a - g - 11 = 2*a. Suppose -a*l - 588 + 4093 = 0. Suppose s - l = 3*f + 963, -s + f + 1654 = 0. Is s a composite number?
True
Let h = -85 - -91. Suppose -h*w = -293 - 871. Is w a prime number?
False
Let p(n) = -4595*n - 13. Let d be p(-3). Suppose -2*j + 5*w = d, -w - 3*w = 4*j + 27544. Let u = -4307 - j. Is u composite?
False
Let b = -23 - -25. Suppose -b*a = 10, x - 4*x = -4*a - 18035. Is x prime?
False
Is 12185/2*(21 + 10 + -29) composite?
True
Let z(q) = 20*q - 3040 + 2993 + 0*q**3 + 29*q**2 - q**3. Is z(22) a composite number?
True
Let q(o) = -2*o - 14. Let g be q(-9). Let v(r) = -r**3 + 3*r**2 + 5*r - 6. Let s be v(g). Is ((-316)/12)/(s/66) a composite number?
True
Suppose -6*v + 3*q - 2 = -v, -3*q = -4*v - 4. Suppose -v*i = -p + 6357, 3*p = -i - 2*i + 19053. Is p a composite number?
False
Suppose -21053 = -2*p - 2503. Let b = -6156 + p. Suppose -5*n - 3*d + b = d, 4*d + 619 = n. Is n composite?
True
Let c be (-24)/(-5) - (-88)/(-110). Suppose -c*g + g = -11859. Is g a prime number?
False
Let p be 1*(-2)/2 - 24. Suppose 3*w - 25 + 55 = 0. Is (-2)/w - 40920/p composite?
False
Let i = 258824 + -86773. Is i composite?
True
Suppose 5*k - 26339 + 93174 = 5*a, 53474 = 4*a - 3*k. Is a prime?
False
Let z = -127 - -143. Suppose y + y = 3*c + 9, -4*c - z = -4*y. Suppose y*n - 1889 = d, 7*d - 4*d - 2536 = -4*n. Is n prime?
True
Let x(g) = -336*g - 927. Let p(s) = 96*s + 265. Let q(l) = -18*p(l) - 5*x(l). Is q(-14) prime?
False
Let d = 63004 + -36752. Suppose -596*w - d = -600*w. Is w prime?
True
Let w(z) = 62*z - 7. Let a be (-212)/(-20) - (-4)/10. Let n(y) = 185*y - 20. Let s(m) = a*w(m) - 4*n(m). Is s(-4) a composite number?
True
Is ((-3)/(-15) - (-65)/1300) + (-171571)/(-4) a composite number?
True
Suppose 9*z = 21*z - 2282272 + 560908. Is z a prime number?
False
Suppose -89 = -6*z - 23. Suppose -q = z*q. Suppose -3*j + 5*u = -j - 3276, 4*j + u - 6530 = q. Is j composite?
True
Let f = -76771 - -145232. Is f composite?
True
Suppose 4 = s, d = 10*s - 7045 + 22354. Is d prime?
True
Let h(s) = 14*s**2 - 4*s + 2. Let c be h(1). Is c/28 - 20604/(-42) prime?
True
Suppose 29*v - 2995101 = 293992. Is v a prime number?
True
Suppose 247 = 4*q - 17*q. Is (12490/6)/(q/(-57)) composite?
True
Suppose -5*i = 2*l - 86, 2*i + 78 = 6*i - 3*l. Is (-2 - i/(-27)) + (-1177)/(-3) a composite number?
True
Let r(l) = l**3 - l**2 + 4*l + 437. Let z be (14/3)/((-5)/(15/(-1))). Let s be (z + -14)/(4/2). Is r(s) prime?
False
Suppose 26*z - 6866 - 16248 = 0. Is z prime?
False
Let v = -74 - -69. Let z be 1*1/(-1)*v. Is z + 114 + (-8)/(-2) a composite number?
True
Let d = 1341 - 188. Let v be (-40)/12*(-2004)/(-10). Let j = v + d. Is j prime?
False
Let i(n) = 136*n - 79. Suppose 4*o = -3*a + 32 - 7, 3*o - 18 = -2*a. Is i(a) composite?
True
Suppose 4*y = -4*n + 317508, 27*n = 20*n - 5*y + 555643. Is n prime?
True
Let c = -45798 + 65901. Is c a prime number?
False
Let y = 430 - 426. Suppose -3*n - 5*o = -26802, n - y*o = -2*o + 8945. Is n a composite number?
True
Let o(q) be the second derivative of -41*q**6/180 - q**5/120 + 7*q**4/6 - 28*q. Let m(i) be the third derivative of o(i). Is m(-3) prime?
True
Suppose -2*v + 463753 = -v - 5*c, 4*c + 1391281 = 3*v. Is v a prime number?
True
Suppose 91*f = 93*f - 14. Let t(v) = 102*v - 13. Is t(f) a prime number?
True
Suppose 0 = -13*w + 16*w - 12. Suppose 2*h = w*i - 294, -4*i - 358 = 2*h - 48. Let b = h - -248. Is b a composite number?
False
Let i(b) = 379*b**2 + 15*b - 73. Is i(18) prime?
False
Let i(n) = 5*n**2 + 5*n + 9. Let q(h) = -38*h. Let y be q(1). Let l = y - -30. Is i(l) composite?
True
Let j(f) = -21*f**3 + 2*f**2 + 4*f + 319. Is j(-12) prime?
True
Let r(h) = -37*h**2 + 7*h - 125. Let g(x) = -2*x**2 + 2*x. Let n(f) = -3*g(f) - r(f). Is n(9) a prime number?
True
Let j(n) = 240*n**2 + 17*n + 105. Is j(22) a prime number?
True
Let d(q) = 165*q - 161. Let m be d(7). Let k = m - -353. Is k a composite number?
True
Let k = -90 - -48. Let m = -36 - k. Suppose 7*n - 907 = m*n. Is n composite?
False
Suppose -2 = v - 6. Suppose 4*c + 5*x - 43 = 0, v*c + 19 = 8*c - 3*x. Is 457 - (-5 + c + -5 + 2) composite?
True
Let x(o) = 129*o + 11. Suppose -j = -2*m + 3*j - 102, -j = -4*m - 232. Let a = 77 + m. Is x(a) a prime number?
True
Suppose 20*p - 15*p - 67 = 3*j, 5*p - 35 = -5*j. Let t(v) = v**3 + 7*v**2 - 12*v - 28. Is t(p) a prime number?
False
Suppose 1980*v + 4*w - 2896659 = 1975*v, -v + w + 579330 = 0. Is v prime?
True
Suppose -2*n + 101580 = 5*q, 4*q + 3*n + 18147 = 99404. Is q a prime number?
False
Suppose 15*a - 32 = -a. Suppose 0 = 5*i + 5*j - 2035, j + a*j + 799 = 2*i. Suppose 1047 = h - i. Is h prime?
True
Let h(v) = -37 + 188*v - 3 - 33 - 8. Is h(5) a prime number?
True
Let r(h) = -1178*h + 2409. Is r(-25) a composite number?
False
Suppose -95*w = -31346254 - 201964911. Is w a prime number?
True
Suppose -13*y + 12*y + 5 = 0. Suppose -y*t + 4387 = -5638. Is t composite?
True
Let l = 719 - -90. Is l composite?
False
Suppose b + 20 = 6*b. Let i be (-10)/b*(-570)/15. Suppose 0 = -7*a + 2*a + i. Is a a prime number?
True
Suppose 22 = 3*h + 4*w - 6*w, -3*h = -3*w - 27. Suppose 4*v + 10660 = h*u, -4*u + 7995 = -u + v. Suppose -3*f + u = -1748. Is f composite?
False
Suppose 4*k - 12 = k + 4*f, 0 = 3*k + 2*f + 6. Suppose -d - 3*q + 34246 = k, -2*d + 3*d - 34226 = q. Is d a composite number?
False
Suppose -4*i - 2*l - 516 = 0, 75*l - 76*l = 5*i + 654. Let v = 83 - 194. Let j = v - i. Is j a composite number?
True
Let b = -114 + 116. Suppose 2*l = 5*w - 69047, 0 = -6*w + b*w + l + 55240. Is w prime?
False
Suppose l + 35 = 6*l. Suppose n + 3*s = 0, -5*s - l = -3*n - 21. Is (2 + n)/(5/20) + 773 a prime number?
True
Let r be (-14)/49 + -2 + 1233/(-21). Let m = 54 + r. Let d(h) = -7*h**3 - 13*h**2 - 12*h - 13. Is d(m) composite?
True
Suppose -2*p - 4*l - 92 + 22 = 0, -4*p - 116 = 2*l. Let d be ((-4)/(-12) - 0)*p/3. Is (d - 71)*3/(-2) prime?
False
Is ((-617062)/116)/(2*2/(-8)) composite?
False
Let f(o) be the second derivative of 0 - 1/6*o**3 + o**2 + 30*o - 7/10*o**5 - 1/3*o**4. Is f(-3) a composite number?
False
Suppose -4*j + 27 = -l, 4*l = j - 4*j + 6. Suppose -11*k - j + 28 = 0. Suppose -9*b = -k*b - 7721. Is b a prime number?
True
Suppose 5*p - 5*a + 160 = 0, -2*p + 70 = -4*p + 4*a. Let c = p + 36. Is c a composite number?
False
Suppose 3*d + r - 40865 = 0, -28*d + 13619 = -27*d - r. Is d a prime number?
False
Suppose 3*l + 2*b - 23 = 0, -3*b + 38 = 5*l - 0*b. Suppose l*g + 2*z = 4*g + 31769, -5*g + 52947 = 2*z. Is g a composite number?
False
Suppose 152 + 25 = 3*h. Suppose h*i = 58*i + 1527. Let j = i + -1080. Is j prime?
False
Is -93370*((-63)/30 + 2) prime?
True
Suppose -7*c + 18 = 4. Suppose -p = 5*n - 4306, 0 = -c*n + 5*n + 9. Is p composite?
True
Suppose m - 993 = 3*l + 1202, l - 2*m = -725. Let s = 3286 + l. Suppose -10*n = -11543 + s. Is n a composite number?
True
Let t = -43 + 31. Let l(n) = 13*n**3 + 4*n**2 - 11*n + 11. Let o be l(2). Let s = o + t. Is s a composite number?
False
Suppose 0 = 5*v + 4*n - 25, 0 = 2*n - 3*n. Suppose 106 = -2*u + 2*x - 92, 4*u + v*x + 432 = 0. Let h = 744 + u. Is h a prime number?
True
Suppose 7*v + 44997 - 571297 = -4*w, 0 = -3*w - 5*v + 394723. Is w a prime number?
True
Let z(t) = t - 1. Let r be z(4). Suppose 2*u - 8 = -2*m, 5*m + 10*u - 15*u = 10. Suppose -o + 6302 = m*s, r*s - 8*s - o = -10500. Is s prime?
True
Suppose -8*n + 1712292 = -768052. Is n composite?
False
Let j = 13389 - 8302. Is j a prime number?
True
Let v = 254175 + -154132. Is v composite?
False
Suppose 17 = -5*t + 7. Let c be (t/1 - -1) + 4. Suppose 9*z = c*z + 17682. Is z prime?
False
Suppose -s - 4*q + 2422 = q, 0 = -2*s + 5*q + 4844. Let a = s - -2847. Is a prime?
False
Suppose -24 = -8*u + 8. S